{"id":676,"date":"2014-05-30T12:07:14","date_gmt":"2014-05-30T12:07:14","guid":{"rendered":"http:\/\/wpresidence.net\/?page_id=676"},"modified":"2022-06-18T13:00:14","modified_gmt":"2022-06-18T11:00:14","slug":"nos-services","status":"publish","type":"page","link":"https:\/\/lionsimmobilier.com\/index.php\/nos-services\/","title":{"rendered":"Nos Services"},"content":{"rendered":"\t\t<div data-elementor-type=\"wp-page\" data-elementor-id=\"676\" class=\"elementor elementor-676\">\n\t\t\t\t\t\t\t\t\t<section class=\"elementor-section elementor-top-section elementor-element elementor-element-b7e7512 elementor-section-stretched elementor-section-boxed elementor-section-height-default elementor-section-height-default\" data-id=\"b7e7512\" data-element_type=\"section\" data-settings=\"{&quot;stretch_section&quot;:&quot;section-stretched&quot;,&quot;background_background&quot;:&quot;classic&quot;}\">\n\t\t\t\t\t\t<div class=\"elementor-container elementor-column-gap-default\">\n\t\t\t\t\t<div class=\"elementor-column elementor-col-33 elementor-top-column elementor-element elementor-element-d27f8cd\" data-id=\"d27f8cd\" data-element_type=\"column\">\n\t\t\t<div class=\"elementor-widget-wrap elementor-element-populated\">\n\t\t\t\t\t\t\t\t<div class=\"elementor-element elementor-element-f1470b9 elementor-widget elementor-widget-heading\" data-id=\"f1470b9\" data-element_type=\"widget\" data-widget_type=\"heading.default\">\n\t\t\t\t<div class=\"elementor-widget-container\">\n\t\t\t<style>\/*! elementor - v3.6.5 - 27-04-2022 *\/\n.elementor-heading-title{padding:0;margin:0;line-height:1}.elementor-widget-heading .elementor-heading-title[class*=elementor-size-]>a{color:inherit;font-size:inherit;line-height:inherit}.elementor-widget-heading .elementor-heading-title.elementor-size-small{font-size:15px}.elementor-widget-heading .elementor-heading-title.elementor-size-medium{font-size:19px}.elementor-widget-heading .elementor-heading-title.elementor-size-large{font-size:29px}.elementor-widget-heading .elementor-heading-title.elementor-size-xl{font-size:39px}.elementor-widget-heading .elementor-heading-title.elementor-size-xxl{font-size:59px}<\/style><h2 class=\"elementor-heading-title elementor-size-default\">Location Meubl\u00e9s<\/h2>\t\t<\/div>\n\t\t\t\t<\/div>\n\t\t\t\t<div class=\"elementor-element elementor-element-ff8247b elementor-widget elementor-widget-text-editor\" data-id=\"ff8247b\" data-element_type=\"widget\" data-widget_type=\"text-editor.default\">\n\t\t\t\t<div class=\"elementor-widget-container\">\n\t\t\t<style>\/*! elementor - v3.6.5 - 27-04-2022 *\/\n.elementor-widget-text-editor.elementor-drop-cap-view-stacked .elementor-drop-cap{background-color:#818a91;color:#fff}.elementor-widget-text-editor.elementor-drop-cap-view-framed .elementor-drop-cap{color:#818a91;border:3px solid;background-color:transparent}.elementor-widget-text-editor:not(.elementor-drop-cap-view-default) .elementor-drop-cap{margin-top:8px}.elementor-widget-text-editor:not(.elementor-drop-cap-view-default) .elementor-drop-cap-letter{width:1em;height:1em}.elementor-widget-text-editor .elementor-drop-cap{float:left;text-align:center;line-height:1;font-size:50px}.elementor-widget-text-editor .elementor-drop-cap-letter{display:inline-block}<\/style>\t\t\t\t<p>Notre charte qualit\u00e9 est un \u00e9l\u00e9ment primordial pour nous. nous proposerons toujours une gestion rigoureuse de notre portefeuille de biens meubl\u00e9s affin d&rsquo;offrir \u00e0 nos clients une exp\u00e9rience s\u00e9curisante.\u00a0C&rsquo;est aussi une opportunit\u00e9 pour nos locataires de se loger sans avoir \u00e0 investir dans du mobilier.<\/p>\t\t\t\t\t\t<\/div>\n\t\t\t\t<\/div>\n\t\t\t\t<div class=\"elementor-element elementor-element-8025d7b elementor-widget elementor-widget-image\" data-id=\"8025d7b\" data-element_type=\"widget\" data-widget_type=\"image.default\">\n\t\t\t\t<div class=\"elementor-widget-container\">\n\t\t\t<style>\/*! elementor - v3.6.5 - 27-04-2022 *\/\n.elementor-widget-image{text-align:center}.elementor-widget-image a{display:inline-block}.elementor-widget-image a img[src$=\".svg\"]{width:48px}.elementor-widget-image img{vertical-align:middle;display:inline-block}<\/style>\t\t\t\t\t\t\t\t\t\t\t\t<img loading=\"lazy\" decoding=\"async\" width=\"1024\" height=\"768\" src=\"https:\/\/lionsimmobilier.com\/wp-content\/uploads\/2022\/04\/WhatsApp-Image-2022-03-17-at-12.16.53-8.jpeg\" class=\"elementor-animation-grow attachment-large size-large\" alt=\"\" srcset=\"https:\/\/lionsimmobilier.com\/wp-content\/uploads\/2022\/04\/WhatsApp-Image-2022-03-17-at-12.16.53-8.jpeg 1024w, https:\/\/lionsimmobilier.com\/wp-content\/uploads\/2022\/04\/WhatsApp-Image-2022-03-17-at-12.16.53-8-300x225.jpeg 300w, https:\/\/lionsimmobilier.com\/wp-content\/uploads\/2022\/04\/WhatsApp-Image-2022-03-17-at-12.16.53-8-768x576.jpeg 768w\" sizes=\"auto, (max-width: 1024px) 100vw, 1024px\" \/>\t\t\t\t\t\t\t\t\t\t\t\t\t\t\t<\/div>\n\t\t\t\t<\/div>\n\t\t\t\t<div class=\"elementor-element elementor-element-ac11c2d elementor-widget elementor-widget-heading\" data-id=\"ac11c2d\" data-element_type=\"widget\" data-widget_type=\"heading.default\">\n\t\t\t\t<div class=\"elementor-widget-container\">\n\t\t\t<h2 class=\"elementor-heading-title elementor-size-default\">Location Non Meubl\u00e9s<\/h2>\t\t<\/div>\n\t\t\t\t<\/div>\n\t\t\t\t<div class=\"elementor-element elementor-element-5abb120 elementor-widget elementor-widget-text-editor\" data-id=\"5abb120\" data-element_type=\"widget\" data-widget_type=\"text-editor.default\">\n\t\t\t\t<div class=\"elementor-widget-container\">\n\t\t\t\t\t\t\t<p>Dans cette relation de longue dur\u00e9e, notre vigilance ainsi que notre r\u00e9activit\u00e9 vous apporterons la tranquillit\u00e9 requise dans le cadre de la mise en location de votre bien. Pour le locataire, c&rsquo;est l&rsquo;assurance de prendre en main un logement sans surprise gr\u00e2ce \u00e0 nos \u00e9tats des lieux digitalis\u00e9s et fortement d\u00e9taill\u00e9s. Une assistance permanente lors de votre installation et tout au long de votre location vous est garantie.<\/p>\t\t\t\t\t\t<\/div>\n\t\t\t\t<\/div>\n\t\t\t\t<div class=\"elementor-element elementor-element-411eb24 elementor-widget elementor-widget-image\" data-id=\"411eb24\" data-element_type=\"widget\" data-widget_type=\"image.default\">\n\t\t\t\t<div class=\"elementor-widget-container\">\n\t\t\t\t\t\t\t\t\t\t\t\t\t\t\t<img loading=\"lazy\" decoding=\"async\" width=\"1024\" height=\"683\" src=\"https:\/\/lionsimmobilier.com\/wp-content\/uploads\/2022\/04\/Downloader.la-62611c666cc13.jpg\" class=\"elementor-animation-grow attachment-large size-large\" alt=\"\" srcset=\"https:\/\/lionsimmobilier.com\/wp-content\/uploads\/2022\/04\/Downloader.la-62611c666cc13.jpg 1024w, https:\/\/lionsimmobilier.com\/wp-content\/uploads\/2022\/04\/Downloader.la-62611c666cc13-300x200.jpg 300w, https:\/\/lionsimmobilier.com\/wp-content\/uploads\/2022\/04\/Downloader.la-62611c666cc13-768x512.jpg 768w, https:\/\/lionsimmobilier.com\/wp-content\/uploads\/2022\/04\/Downloader.la-62611c666cc13-105x70.jpg 105w\" sizes=\"auto, (max-width: 1024px) 100vw, 1024px\" \/>\t\t\t\t\t\t\t\t\t\t\t\t\t\t\t<\/div>\n\t\t\t\t<\/div>\n\t\t\t\t\t<\/div>\n\t\t<\/div>\n\t\t\t\t<div class=\"elementor-column elementor-col-33 elementor-top-column elementor-element elementor-element-8a6ee7d\" data-id=\"8a6ee7d\" data-element_type=\"column\">\n\t\t\t<div class=\"elementor-widget-wrap elementor-element-populated\">\n\t\t\t\t\t\t\t\t<div class=\"elementor-element elementor-element-41da3e4 elementor-widget elementor-widget-image\" data-id=\"41da3e4\" data-element_type=\"widget\" data-widget_type=\"image.default\">\n\t\t\t\t<div class=\"elementor-widget-container\">\n\t\t\t\t\t\t\t\t\t\t\t\t\t\t\t<img loading=\"lazy\" decoding=\"async\" width=\"1024\" height=\"768\" src=\"https:\/\/lionsimmobilier.com\/wp-content\/uploads\/2022\/04\/Downloader.la-62611c0b18aac.jpg\" class=\"elementor-animation-grow attachment-large size-large\" alt=\"\" srcset=\"https:\/\/lionsimmobilier.com\/wp-content\/uploads\/2022\/04\/Downloader.la-62611c0b18aac.jpg 1024w, https:\/\/lionsimmobilier.com\/wp-content\/uploads\/2022\/04\/Downloader.la-62611c0b18aac-300x225.jpg 300w, https:\/\/lionsimmobilier.com\/wp-content\/uploads\/2022\/04\/Downloader.la-62611c0b18aac-768x576.jpg 768w\" sizes=\"auto, (max-width: 1024px) 100vw, 1024px\" \/>\t\t\t\t\t\t\t\t\t\t\t\t\t\t\t<\/div>\n\t\t\t\t<\/div>\n\t\t\t\t<div class=\"elementor-element elementor-element-fc6e915 elementor-widget elementor-widget-heading\" data-id=\"fc6e915\" data-element_type=\"widget\" data-widget_type=\"heading.default\">\n\t\t\t\t<div class=\"elementor-widget-container\">\n\t\t\t<h2 class=\"elementor-heading-title elementor-size-default\">Gestion Immobili\u00e8re<\/h2>\t\t<\/div>\n\t\t\t\t<\/div>\n\t\t\t\t<div class=\"elementor-element elementor-element-ae02a62 elementor-widget elementor-widget-text-editor\" data-id=\"ae02a62\" data-element_type=\"widget\" data-widget_type=\"text-editor.default\">\n\t\t\t\t<div class=\"elementor-widget-container\">\n\t\t\t\t\t\t\t<p>En tant que Propri\u00e9taires Bailleurs, B\u00e9n\u00e9fciez d&rsquo;un gestionnaire comp\u00e9tant \u00e0 vos c\u00f4t\u00e9s qui vous d\u00e9chargera compl\u00e8tement de tout. Chaque bien g\u00e9r\u00e9 fait l&rsquo;objet d&rsquo;un constat de d\u00e9cence permettant une mise en location sereine, Lion&rsquo;s Immo va vous pr\u00e9senter le meilleur locataire en un temps minimum, une gestion financi\u00e8re pointilleuse, des interventions travaux raisonnables et rapides.<\/p>\t\t\t\t\t\t<\/div>\n\t\t\t\t<\/div>\n\t\t\t\t<div class=\"elementor-element elementor-element-631fa418 elementor-widget elementor-widget-image\" data-id=\"631fa418\" data-element_type=\"widget\" data-widget_type=\"image.default\">\n\t\t\t\t<div class=\"elementor-widget-container\">\n\t\t\t\t\t\t\t\t\t\t\t\t\t\t\t<img loading=\"lazy\" decoding=\"async\" width=\"1024\" height=\"683\" src=\"https:\/\/lionsimmobilier.com\/wp-content\/uploads\/2022\/04\/Downloader.la-625fe6d97a155.jpg\" class=\"elementor-animation-grow attachment-large size-large\" alt=\"\" srcset=\"https:\/\/lionsimmobilier.com\/wp-content\/uploads\/2022\/04\/Downloader.la-625fe6d97a155.jpg 1024w, https:\/\/lionsimmobilier.com\/wp-content\/uploads\/2022\/04\/Downloader.la-625fe6d97a155-300x200.jpg 300w, https:\/\/lionsimmobilier.com\/wp-content\/uploads\/2022\/04\/Downloader.la-625fe6d97a155-768x512.jpg 768w, https:\/\/lionsimmobilier.com\/wp-content\/uploads\/2022\/04\/Downloader.la-625fe6d97a155-105x70.jpg 105w\" sizes=\"auto, (max-width: 1024px) 100vw, 1024px\" \/>\t\t\t\t\t\t\t\t\t\t\t\t\t\t\t<\/div>\n\t\t\t\t<\/div>\n\t\t\t\t<div class=\"elementor-element elementor-element-5e4e301 elementor-widget elementor-widget-heading\" data-id=\"5e4e301\" data-element_type=\"widget\" data-widget_type=\"heading.default\">\n\t\t\t\t<div class=\"elementor-widget-container\">\n\t\t\t<h2 class=\"elementor-heading-title elementor-size-default\">Estimation<\/h2>\t\t<\/div>\n\t\t\t\t<\/div>\n\t\t\t\t<div class=\"elementor-element elementor-element-be50b84 elementor-widget elementor-widget-text-editor\" data-id=\"be50b84\" data-element_type=\"widget\" data-widget_type=\"text-editor.default\">\n\t\t\t\t<div class=\"elementor-widget-container\">\n\t\t\t\t\t\t\t<p>Lion&rsquo;s Immo\u00a0 fait la promesse d&rsquo;une expertise de qualit\u00e9 qui saura octroyer le meilleur prix possible \u00e0 votre bien. L&rsquo;estimation de la valeur d&rsquo;un bien implique, des connaissances, de l&rsquo;exp\u00e9rience et une analyse sp\u00e9cifique. Notre m\u00e9thodologie permet une \u00e9valuation en corr\u00e9lation avec des donn\u00e9es r\u00e9elles du march\u00e9 immobilier local, et donc la garantie d&rsquo;une transaction r\u00e9alis\u00e9e dans les meilleures conditions.<\/p>\t\t\t\t\t\t<\/div>\n\t\t\t\t<\/div>\n\t\t\t\t\t<\/div>\n\t\t<\/div>\n\t\t\t\t<div class=\"elementor-column elementor-col-33 elementor-top-column elementor-element elementor-element-dc832b0\" data-id=\"dc832b0\" data-element_type=\"column\">\n\t\t\t<div class=\"elementor-widget-wrap elementor-element-populated\">\n\t\t\t\t\t\t\t\t<div class=\"elementor-element elementor-element-47ad0a1 elementor-widget elementor-widget-heading\" data-id=\"47ad0a1\" data-element_type=\"widget\" data-widget_type=\"heading.default\">\n\t\t\t\t<div class=\"elementor-widget-container\">\n\t\t\t<h2 class=\"elementor-heading-title elementor-size-default\">Achat &amp;  Vente<\/h2>\t\t<\/div>\n\t\t\t\t<\/div>\n\t\t\t\t<div class=\"elementor-element elementor-element-5d432ca0 elementor-widget elementor-widget-text-editor\" data-id=\"5d432ca0\" data-element_type=\"widget\" data-widget_type=\"text-editor.default\">\n\t\t\t\t<div class=\"elementor-widget-container\">\n\t\t\t\t\t\t\t<p>Parce qu&rsquo;il est important d&rsquo;\u00eatre bien conseill\u00e9 lors de l&rsquo;acte d&rsquo;achat, notre engagement est de vous garantir un achat en toute transparence. De la visite \u00e0 la signature de votre acte d&rsquo;achat, nous restons \u00e0 vos c\u00f4t\u00e9s en vous apportant \u00e0 chaque \u00e9tape, des informations n\u00e9cessaires permettant d&rsquo;anticiper sur toutes les probl\u00e9matiques li\u00e9es \u00e0 votre <br \/>projet. B\u00e9n\u00e9ficiez d&rsquo;un gestionnaire comp\u00e9tant \u00e0 vos c\u00f4t\u00e9s qui vous d\u00e9chargera compl\u00e8tement de tout. Simplifez-vous la vente de votre bien en nous le confiant et b\u00e9n\u00e9ficiez de notre expertise pour vendre rapidement et simplement.\u00a0<\/p>\t\t\t\t\t\t<\/div>\n\t\t\t\t<\/div>\n\t\t\t\t<div class=\"elementor-element elementor-element-f769ea0 elementor-widget elementor-widget-image\" data-id=\"f769ea0\" data-element_type=\"widget\" data-widget_type=\"image.default\">\n\t\t\t\t<div class=\"elementor-widget-container\">\n\t\t\t\t\t\t\t\t\t\t\t\t\t\t\t<img loading=\"lazy\" decoding=\"async\" width=\"1024\" height=\"683\" src=\"https:\/\/lionsimmobilier.com\/wp-content\/uploads\/2022\/04\/Downloader.la-626116ce54fe2.jpg\" class=\"elementor-animation-grow attachment-large size-large\" alt=\"\" srcset=\"https:\/\/lionsimmobilier.com\/wp-content\/uploads\/2022\/04\/Downloader.la-626116ce54fe2.jpg 1024w, https:\/\/lionsimmobilier.com\/wp-content\/uploads\/2022\/04\/Downloader.la-626116ce54fe2-300x200.jpg 300w, https:\/\/lionsimmobilier.com\/wp-content\/uploads\/2022\/04\/Downloader.la-626116ce54fe2-768x512.jpg 768w, https:\/\/lionsimmobilier.com\/wp-content\/uploads\/2022\/04\/Downloader.la-626116ce54fe2-105x70.jpg 105w\" sizes=\"auto, (max-width: 1024px) 100vw, 1024px\" \/>\t\t\t\t\t\t\t\t\t\t\t\t\t\t\t<\/div>\n\t\t\t\t<\/div>\n\t\t\t\t<div class=\"elementor-element elementor-element-c0f1136 elementor-widget elementor-widget-heading\" data-id=\"c0f1136\" data-element_type=\"widget\" data-widget_type=\"heading.default\">\n\t\t\t\t<div class=\"elementor-widget-container\">\n\t\t\t<h2 class=\"elementor-heading-title elementor-size-default\">Home staging<\/h2>\t\t<\/div>\n\t\t\t\t<\/div>\n\t\t\t\t<div class=\"elementor-element elementor-element-d4b221a elementor-widget elementor-widget-text-editor\" data-id=\"d4b221a\" data-element_type=\"widget\" data-widget_type=\"text-editor.default\">\n\t\t\t\t<div class=\"elementor-widget-container\">\n\t\t\t\t\t\t\t<p>Une d\u00e9coration revisit\u00e9e et reconstitu\u00e9e en 3d pour toutes les pi\u00e8ces avec un seul but: Permettre aux candidats \u00e0 l&rsquo;achat ou \u00e0 la location de<br \/>mieux se projeter.\u00a0<\/p>\t\t\t\t\t\t<\/div>\n\t\t\t\t<\/div>\n\t\t\t\t<div class=\"elementor-element elementor-element-b90b2aa elementor-widget elementor-widget-image\" data-id=\"b90b2aa\" data-element_type=\"widget\" data-widget_type=\"image.default\">\n\t\t\t\t<div class=\"elementor-widget-container\">\n\t\t\t\t\t\t\t\t\t\t\t\t\t\t\t<img loading=\"lazy\" decoding=\"async\" width=\"1024\" height=\"683\" src=\"https:\/\/lionsimmobilier.com\/wp-content\/uploads\/2022\/04\/Downloader.la-626117099d463.jpg\" class=\"elementor-animation-grow attachment-large size-large\" alt=\"\" srcset=\"https:\/\/lionsimmobilier.com\/wp-content\/uploads\/2022\/04\/Downloader.la-626117099d463.jpg 1024w, https:\/\/lionsimmobilier.com\/wp-content\/uploads\/2022\/04\/Downloader.la-626117099d463-300x200.jpg 300w, https:\/\/lionsimmobilier.com\/wp-content\/uploads\/2022\/04\/Downloader.la-626117099d463-768x512.jpg 768w, https:\/\/lionsimmobilier.com\/wp-content\/uploads\/2022\/04\/Downloader.la-626117099d463-105x70.jpg 105w\" sizes=\"auto, (max-width: 1024px) 100vw, 1024px\" \/>\t\t\t\t\t\t\t\t\t\t\t\t\t\t\t<\/div>\n\t\t\t\t<\/div>\n\t\t\t\t\t<\/div>\n\t\t<\/div>\n\t\t\t\t\t\t\t<\/div>\n\t\t<\/section>\n\t\t\t\t\t\t\t<\/div>\n\t\t","protected":false},"excerpt":{"rendered":"<p>Location Meubl\u00e9s Notre charte qualit\u00e9 est un \u00e9l\u00e9ment primordial pour nous. nous proposerons toujours une gestion rigoureuse de notre portefeuille de biens meubl\u00e9s affin d&rsquo;offrir \u00e0 nos clients une exp\u00e9rience s\u00e9curisante.\u00a0C&rsquo;est aussi une opportunit\u00e9 pour nos locataires de se loger sans avoir \u00e0 investir dans du mobilier. Location Non Meubl\u00e9s Dans cette relation de longue dur\u00e9e, notre vigilance ainsi que notre r\u00e9activit\u00e9 vous apporterons &#8230;<\/p>\n","protected":false},"author":1,"featured_media":0,"parent":0,"menu_order":0,"comment_status":"open","ping_status":"open","template":"agents_list.php","meta":{"om_disable_all_campaigns":false,"inline_featured_image":false,"_monsterinsights_skip_tracking":false,"_monsterinsights_sitenote_active":false,"_monsterinsights_sitenote_note":"","_monsterinsights_sitenote_category":0,"_uf_show_specific_survey":0,"_uf_disable_surveys":false,"footnotes":""},"class_list":["post-676","page","type-page","status-publish","hentry"],"_links":{"self":[{"href":"https:\/\/lionsimmobilier.com\/index.php\/wp-json\/wp\/v2\/pages\/676","targetHints":{"allow":["GET"]}}],"collection":[{"href":"https:\/\/lionsimmobilier.com\/index.php\/wp-json\/wp\/v2\/pages"}],"about":[{"href":"https:\/\/lionsimmobilier.com\/index.php\/wp-json\/wp\/v2\/types\/page"}],"author":[{"embeddable":true,"href":"https:\/\/lionsimmobilier.com\/index.php\/wp-json\/wp\/v2\/users\/1"}],"replies":[{"embeddable":true,"href":"https:\/\/lionsimmobilier.com\/index.php\/wp-json\/wp\/v2\/comments?post=676"}],"version-history":[{"count":74,"href":"https:\/\/lionsimmobilier.com\/index.php\/wp-json\/wp\/v2\/pages\/676\/revisions"}],"predecessor-version":[{"id":21606,"href":"https:\/\/lionsimmobilier.com\/index.php\/wp-json\/wp\/v2\/pages\/676\/revisions\/21606"}],"wp:attachment":[{"href":"https:\/\/lionsimmobilier.com\/index.php\/wp-json\/wp\/v2\/media?parent=676"}],"curies":[{"name":"wp","href":"https:\/\/api.w.org\/{rel}","templated":true}]}}